et x(a) = a**2 + 26*a - 517. Calculate the remainder when 122 is divided by x(14).
36
Let k(a) = -3*a**3 - 5*a**2 - 5*a - 4. Suppose -2*t - 3*q + 36 = 0, 3*t + 23*q - 44 = 21*q. Calculate the remainder when k(-3) is divided by t.
11
Let n be (-109)/7 + -2 + 8/14. Let k(j) = 2*j + 51. Calculate the remainder when 47 is divided by k(n).
13
Let o = 2421 + -2202. Calculate the remainder when o is divided by 22.
21
Suppose 807 = z - 2*j - 216, -1011 = -z - 2*j. Calculate the remainder when z is divided by 335.
12
Suppose -4*m + 156 = 2*a, -9*m + 6*m + 117 = -2*a. Calculate the remainder when 2799/4 + (-2 - 18/(-8)) is divided by m.
37
Calculate the remainder when 7558 is divided by 90/((-69 + 66)/((-15)/6 + 1)).
43
Suppose 0*i - i + 11 = 0. Suppose 60*k - 5*k = 103400. Suppose -k*l = -1887*l + 448. Calculate the remainder when l is divided by i.
9
Calculate the remainder when 1 + 2 + 2626 + 2 + 2 + 1 is divided by 155.
154
Let i(p) = 2*p**2 + 7*p. Let o be i(-5). Suppose 124 + 0 = 2*b. What is the remainder when b is divided by (o/(-9) - -1)*-24?
14
Let s(k) = k**3 + 6*k**2 + 4*k - 1. Let t be s(-4). Let n = 22 - t. Suppose 116 = 4*j + 4*q, -3 - 22 = 5*q. What is the remainder when j is divided by n?
6
Let q(f) be the second derivative of 0 + 37*f - 17/6*f**3 - 26*f**2. What is the remainder when 98 is divided by q(-6)?
48
Let n(p) = -p**2 + 22*p + 151. Let k = 461 + -466. What is the remainder when 90 is divided by n(k)?
10
Suppose 2472 + 6378 = 50*h. What is the remainder when h is divided by 29?
3
Let b be 36*10*5/40. Suppose -b*u - 630 = -48*u. Suppose 20*y - 5*y = u. Calculate the remainder when 26 is divided by y.
12
Let j(t) = -4*t - 10. Suppose 14 = s + 7*b - 3*b, 0 = s - 2*b - 20. What is the remainder when j(-9) is divided by s?
8
Let w = -253 + 287. Suppose 13*k + 693 = w*k. Let v(l) = 3*l**2 + 2*l - 2. What is the remainder when k is divided by v(-3)?
14
Let v be (19 + -14)*(-3 - -2)*-2. Suppose v*r - 69 = 61. What is the remainder when 32 is divided by r?
6
Let z be 4/(-6) + (-25)/(-15). Calculate the remainder when 79 is divided by -4 + (-5 + 4)*z + 42.
5
Suppose 0 = -q - 4, -p + 7 = 4*q + 39. Let i(l) = -14*l - 128. Calculate the remainder when i(p) is divided by 14.
12
Suppose -5*o - 20 = 0, 0 = -q + 5*o - 193 + 333. Suppose 2*j - 17 = 67. Calculate the remainder when q is divided by j.
36
Suppose 24 = 2*t + v, -25 + 3 = -3*t - 5*v. Let z(p) = -13*p**3 - 117*p**2 - 9*p + 11. What is the remainder when z(-9) is divided by t?
8
Suppose 37*u = 10*u - 405. What is the remainder when ((-65)/u)/(13/468) is divided by 16?
12
Suppose 100 = -14*q + 19*q. Let c(r) = -5*r + 122. What is the remainder when 49 is divided by c(q)?
5
Let d(c) = 126*c + 681. Suppose 0 = -i + 1 + 2. Calculate the remainder when d(-5) is divided by i.
0
Suppose 11*k + 544 = 7*k. Calculate the remainder when (k - -6)/(-5) - 5 is divided by 14.
7
Let a(k) = 13*k + 8. Let l = 61 - 53. Let j be (l - 1) + (1 - 2). What is the remainder when a(j) is divided by 23?
17
Suppose -4*l = -57 + 17. Let z = 656 - 660. What is the remainder when 8/(((-2)/z)/((-740)/(-80))) is divided by l?
8
Let k(y) = y**3 - 6*y**2 + 7*y - 5. Let t be k(5). Let s(d) = 4*d - 4*d + t*d. Calculate the remainder when 46 is divided by s(2).
6
Let k = 255 + -314. Let b = k + 86. What is the remainder when 206 is divided by b?
17
Suppose 5*z - 375 = 5*g, 5*g + 171 = -4*z + 471. Suppose 0*m + 5*m - z = 5*k, -k = 2*m - 27. Calculate the remainder when (-110 + 2 + 8)*1/(-2) is divided by m.
8
Let h be -9 + (-8 - -798) + -6. Suppose 0 = 14*c + 11*c - h. Calculate the remainder when 110 is divided by c.
17
Let v = 6594 + -5794. Calculate the remainder when v is divided by 55.
30
Suppose -5*i = -2*g - 17, 3*i - 3*g - 3 = -0. Suppose -i*s = z - 87, z - 3 + 6 = 0. Calculate the remainder when (s/(-6))/(3/(-15)) is divided by 6.
3
Suppose 8*s + 248 = 9*s. Let g = 50 + -47. Suppose 2*p + 5*a - s = 0, -a - 566 = -g*p - 194. Calculate the remainder when p is divided by 21.
19
Suppose 0 = i + 5*j + 13, j + 48 = 4*i - 4*j. Let b(l) = 11*l + 10. What is the remainder when b(i) is divided by 25?
12
Let i = -6 + 16. Let r = 67 + -46. What is the remainder when (-2)/i - 1337/(-35) is divided by r?
17
Suppose 0 = -2*j + h + 756, 22*h - 23*h = -5*j + 1884. Let g = j + -345. Calculate the remainder when 152 is divided by g.
28
Suppose 1973 = 16*a - 2427. Suppose 0*t + a = 5*t + 3*b, -5*t + 275 = -5*b. Calculate the remainder when t is divided by 26.
3
Let l = 1931 + 2811. Calculate the remainder when l is divided by 3.
2
Suppose 104*j + 3169 = 20641. Calculate the remainder when j is divided by 34.
32
Let j(k) = 54*k + 212. What is the remainder when 805 is divided by j(1)?
7
What is the remainder when 290 is divided by 1155/(-15)*(-4 + 200/56)?
26
Suppose 0 = i + 2*t - 46, 3*i + i - 3*t - 140 = 0. Suppose 41*l - 12 = i*l. What is the remainder when 13 is divided by l?
1
Let o = 388 + -241. What is the remainder when o is divided by 6?
3
Suppose -x = -4*t + 18, -56 = 4*x + 4*t - 4. Let w(v) = v**2 + 13*v + 72. Calculate the remainder when w(x) is divided by 31.
24
Suppose 9*r + 125 = 2*c, c - 57 = -r - 11. Suppose 5*w = 2034 - 824. Calculate the remainder when w is divided by c.
46
What is the remainder when 1381 is divided by ((-592)/(-320)*-12)/(2*(-3)/90)?
49
Suppose 10*r = 5*r + 15. Suppose l = -3*l - 20, r*l = 4*c - 171. Calculate the remainder when c is divided by 7.
4
Suppose 0 = 72*p - 75*p + 15. Suppose 4*b - 141 = -c, 0 = p*c - 16 - 9. Calculate the remainder when b is divided by 3.
1
Suppose 4*a - 2*k = 2, 5*a + 5*k - 40 = -0*a. What is the remainder when 50 is divided by (912/(-72))/(a/(-9))?
12
Suppose 16 = -3*s - 194. Let d = s - -88. Suppose 2*r = r + d. What is the remainder when 68 is divided by r?
14
Let a(j) = 2*j**2 - 2*j + 1. Suppose -189 = -9818*v + 9755*v. Calculate the remainder when a(3) is divided by v.
1
Let o(f) be the third derivative of -f**6/60 + f**5/4 - 7*f**4/24 + f**3 + 56*f**2. What is the remainder when (8/(-3))/4*-15 is divided by o(7)?
4
Let s(g) = -g**3 + 3*g**2 + 3*g - 12. Let k be s(4). What is the remainder when 134*12*(-2)/k is divided by 55?
36
Let o(q) = 19*q**2 - 38*q - 27. Calculate the remainder when o(8) is divided by 37.
34
Suppose 32*u - 29*u = 21. Suppose -u*r + 64 = r. Suppose -19 = -t - f + 3, r = -2*f. What is the remainder when t is divided by 6?
2
Let v(q) be the second derivative of q**4/12 + q**3/6 - 12*q**2 + 52*q. Calculate the remainder when v(10) is divided by 18.
14
Let c = -34 - -64. Suppose c*m = 25*m + 150. Calculate the remainder when m is divided by 11.
8
Suppose 2*t - 4*t + 92 = 0. Let k be (-4)/3 + 432/81. Suppose 4*f + 4*m - 84 = 0, 0 = 3*f - k*m + 2 - 100. Calculate the remainder when t is divided by f.
20
Let y(d) = d**2 - 85*d + 1019. Calculate the remainder when y(74) is divided by 55.
40
Let p be (2/9 - (-410)/18) + 3. Suppose p = 8*w + 2. Calculate the remainder when (-17 + 13)*6/(-4) is divided by w.
0
Suppose -2*u - 5*c = -581, -80*c - 1469 = -5*u - 76*c. Calculate the remainder when 588 is divided by u.
2
Let z be 9240/(-63)*54/(-15). Suppose z = -38*j + 49*j. What is the remainder when j is divided by 33?
15
Let u(h) = 20*h**2 + 82*h + 660. Calculate the remainder when u(-8) is divided by 17.
9
Suppose 2*l + 108 = 5*y, -27*y + 4*l + 40 = -25*y. Calculate the remainder when 102 is divided by y.
14
Suppose -28 = 1457*s - 1466*s + 143. What is the remainder when s is divided by 4?
3
Suppose -3018 + 3192 = 87*k. What is the remainder when 1716 is divided by k?
0
Suppose -2*t = -k - 42, 5*t - 2*t - 61 = k. Let y = 85 + -38. Calculate the remainder when y is divided by t.
9
Let i = -16346 - -16363. Calculate the remainder when (5 - 72)/((-1)/3) is divided by i.
14
Let k(z) = z**3 - 81*z**2 - 11*z + 1007. What is the remainder when 258 is divided by k(81)?
26
Let n = 335 + -260. Suppose 40 = l + f, 3*l = -f + n + 51. Calculate the remainder when 146 is divided by l.
17
Let d(r) = -102*r + 978. Calculate the remainder when 484 is divided by d(8).
160
Let l = 1407 + -660. Suppose -m - l = 2*m. What is the remainder when (0 + m/6)*-2 is divided by 12?
11
Let f = -4059 + 4073. What is the remainder when 84 is divided by f?
0
Let f be (4 - 0) + -1*37